by x(-7)?
53
Suppose s - 2*s = -54. Let a = 259 - 141. Suppose 5*v + 3*i - a = 25, 0 = 3*v + 5*i - 89. What is the remainder when s is divided by v?
26
Suppose 0 = -5*h - 3*t + 207, -3*h - 3*t - 29 + 152 = 0. Suppose h*b - 10990 + 4102 = 0. What is the remainder when b is divided by 15?
14
Let y(q) = q**2 - 12*q + 45. Suppose 0 = -12*w + w + 209. What is the remainder when y(w) is divided by 15?
13
Let y(t) = -t**3 - 6*t**2 - 11*t - 44. Let l be y(-6). Suppose l*b = 27*b - 135. What is the remainder when 107 is divided by b?
26
Suppose -3*j - 9 = 0, 24*j = x + 26*j - 68. What is the remainder when 307 is divided by x?
11
Suppose 6 = 84*a - 83*a. Suppose -4*i = d - 10, d - 7 = i - a*i. What is the remainder when d is divided by 10?
2
Suppose 2*w + l = -205 - 296, 0 = 4*l + 20. Calculate the remainder when 11/((-11)/w) - (-2)/(-1) is divided by 65.
51
Suppose 2*h + 1530 = -3*h. Let j = -123 - h. Suppose 8*l = j + 201. What is the remainder when l is divided by 17?
14
Suppose -10263 - 2281 = -112*i. What is the remainder when 1430 is divided by i?
86
Suppose 3*s = -391 + 988. Calculate the remainder when 415 is divided by s.
17
Let r = 5527 + -5521. What is the remainder when 1852 is divided by r?
4
Let c = 6500 + -6253. What is the remainder when c is divided by 153?
94
What is the remainder when 83 is divided by 8 + (-11 - -11 - (0 + 3))?
3
Suppose -2*m = -4*p, -5*p = m - 4*m - 1. Let i = 94 - 83. What is the remainder when -4 - p - (-45 + -1) is divided by i?
10
Let r = 535 - 516. Suppose s + 4*s = -15. Calculate the remainder when r is divided by 0 + s + 11 + 3.
8
Calculate the remainder when 261 is divided by (-1)/(-7 - ((-16)/(-762))/((-19)/6327)).
7
Let h(t) be the third derivative of 5*t**4/24 + 85*t**3/3 + 68*t**2. Suppose 4*v = 30 + 22. What is the remainder when h(-27) is divided by v?
9
Let o = 245 - 258. What is the remainder when 25 - (-2)/2*(-14 - o) is divided by 22?
2
Suppose 0 = 5*o + 5*v - 435, -v = 2*o - 0*v - 173. Suppose -100 = -4*p - 4*i, -p + 0*i + i = -19. Calculate the remainder when o is divided by p.
20
Let q(w) = 2*w**2 + 33*w + 32. Let t be q(-13). Let j = 255 + t. What is the remainder when j is divided by 40?
36
Suppose y - 45*n = -46*n + 34, -94 = -3*y - 5*n. Suppose -3 - 6 = -3*r. Suppose g = w - y, r*w - 112 = -g + 3*g. What is the remainder when 70 is divided by w?
34
Let r = -555 + 308. Let w = r - -302. What is the remainder when 269 is divided by w?
49
Let p(w) = -10*w**3 + 4*w**2 + 10*w - 7. Let i be (-7 - (-6 + -7))/(-3). Calculate the remainder when 137 is divided by p(i).
68
Let o(t) = -t**2 - 26*t + 5. Let s be o(-26). Suppose 5*k - 8 + 3 = s*p, 0 = -5*p + 10. Suppose 192 = -k*h + 7*h. What is the remainder when h is divided by 10?
8
Let p be (12 - 18)/(20/26 + -1). What is the remainder when 219 is divided by (-50)/325 - (-342)/p?
11
Let d(r) = 40*r - 3. Let a be d(0). What is the remainder when 61 is divided by (a + 4)*39 + 30/(-6)?
27
Let i(k) = k**2 - 60*k + 283. Calculate the remainder when 3573 is divided by i(5).
5
Suppose 215*g - 30 = 3625. Let b(i) = i**3 + i**2 - i + 41. Suppose 12 = 3*k - 3*a, 5*k - 2*a - 6 = 2. Calculate the remainder when b(k) is divided by g.
7
Let x(h) be the third derivative of -h**5/60 - 3*h**4/4 + 17*h**3/6 - 293*h**2. Calculate the remainder when x(-4) is divided by 41.
32
Let g = 65 - 121. Let t be (-124)/(-14)*(-17)/(255/(-210)). Let f = t + g. Calculate the remainder when f is divided by 14.
12
Suppose 0 = 6*x - 2039 - 895. Calculate the remainder when x is divided by 60.
9
Suppose -9537 + 60117 = 5*a. Suppose -14*w = -50*w + a. What is the remainder when w is divided by 47?
46
Suppose 2*x - 156 = 6 - 24. Calculate the remainder when 2757 is divided by x.
66
Suppose -34*o = -28*o - 48. Let q = 1879 + -1330. Calculate the remainder when q is divided by o.
5
Suppose -31*t + 17373 = -0*t - 67164. Calculate the remainder when t is divided by 905.
12
Let t(y) = y**2 + 9*y - 22. Let q be t(-11). Suppose q = -4*r + 2*b + 210, r + 5*b = 20 + 5. Let u = -4 + r. Calculate the remainder when u is divided by 25.
21
Let a(r) = -434*r**3 + 3*r**2 - r - 2. Let u be a(1). Let t = 831 + u. What is the remainder when t is divided by 19?
17
Let x(u) = 190*u + 2705. Calculate the remainder when x(-13) is divided by 119.
116
Let y(n) = -n**2 - 16*n + 2. Suppose 109*w = 123*w + 129*w - 4004. Calculate the remainder when y(-12) is divided by w.
22
Let a(w) = -w**2 + 4*w - 20. Let q be a(30). Let f(m) = 4*m - 6. Calculate the remainder when 1/7 + (q/(-35) - -3) is divided by f(4).
6
Suppose g = 4*n + 5*g - 28, n + 13 = 3*g. Suppose -45 = -n*c + 33. Let r = c + -33. Calculate the remainder when 9 is divided by r.
3
What is the remainder when 10857/94*14/(1 - 0) is divided by (-5)/15*-1 + (-3531)/(-99)?
33
Let q(v) be the first derivative of 5*v**2 + 8*v + 39. Let b be q(-1). Calculate the remainder when (-10 + -1)/((8/12)/b) is divided by 12.
9
Calculate the remainder when (38/16)/((22/(-28))/11)*-72 is divided by 40.
34
Suppose -8 = -3*f + 16. Let n = 47782 + -47713. What is the remainder when n is divided by f?
5
Let n = 209 + 308. What is the remainder when n is divided by 58?
53
Let a(o) = o**3 - o**2 + 4*o - 3. Let m = -24 + 89. Let z = -41 + m. What is the remainder when z is divided by a(2)?
6
Suppose l = 3*i - 32971, -26*l + 21*l - 20 = 0. What is the remainder when i is divided by 24?
21
Suppose 95 + 0 = -5*p. Let o = p - -28. Suppose 24 + 183 = 3*i + 3*n, 10*i - 648 = -4*n. What is the remainder when i is divided by o?
8
Suppose 5*q + 25 = 0, -8*q + 5*q = 2*v - 9627. What is the remainder when v is divided by 8?
5
Suppose 3*w = 4*m + 21 + 327, 0 = m - 3*w + 96. Let s = 85 - -28. Let p = s + m. What is the remainder when 85 is divided by p?
27
Suppose 21*q - 19*q + 4*a = 84, -5*a = -5*q + 240. Calculate the remainder when 117 is divided by q.
25
Calculate the remainder when 1/(-2)*-6 + 236 is divided by 312/4 - (-11 - -10)*3.
77
Let d = -176 + 236. Suppose 3 = o, 0 = -i + o + d + 168. Calculate the remainder when i is divided by 78.
75
Suppose 23*v - 131 = -39. Suppose -2*f + 25 = -a - v*a, 34 = 2*f - 2*a. What is the remainder when f is divided by 12?
8
Let o be 10/(-4)*(3 - (-502)/(-10)). Suppose 20 = -3*d - 2*d, -2*j + o = 5*d. Calculate the remainder when j is divided by 35 - (-2)/1 - 1.
33
What is the remainder when (1 - -32)/(-2 + 93/42) is divided by (-8 + 12)*-1 - -9?
4
Let g be (45/(-20))/(9/(-48)). Let n = -1548 - -1603. What is the remainder when n is divided by g/8*84/9?
13
Let a(h) = -4*h - 51. Let f(m) = -5. Let k(v) = -1. Let g(b) = f(b) - 6*k(b). Let u(z) = -a(z) - 3*g(z). What is the remainder when u(0) is divided by 13?
9
Calculate the remainder when 2622 is divided by 80/4 - (7 + 6 + -8).
12
Let z(p) be the second derivative of -2*p + 9/2*p**2 + 1/6*p**4 + 0 + 7/6*p**3. What is the remainder when z(-9) is divided by 22?
20
Let l be ((-11 - -3) + 7)/((-1)/7). What is the remainder when 287 is divided by l/(-35) - 366/(-5)?
68
Let s(n) = -482*n**3 + 93*n + 94. What is the remainder when 490 is divided by s(-1)?
7
Let z be 0/(((-2)/(-6))/((-8)/(-24))). Suppose 5*x - 189 + 34 = z. Calculate the remainder when 152 is divided by x.
28
Suppose -599 - 304 = -21*t. Calculate the remainder when 17368 is divided by t.
39
Let z = -296 - -167. Let i = z - -158. Calculate the remainder when 143 is divided by i.
27
Let a = -2 - -77. Suppose -21*x = -a - 324. Calculate the remainder when 225 is divided by x.
16
Let o(y) = 143*y**2 - 735*y + 19. What is the remainder when o(6) is divided by 98?
71
Suppose -100*s + 185 = -63*s. What is the remainder when 203 is divided by s?
3
Let q = -3307 + 3324. Calculate the remainder when 1576 is divided by q.
12
Suppose -a - 5*w = -4*a + 71, w = 2*a - 52. Suppose -r = 5*f + a, -7*r = -3*r - 5*f + 33. Calculate the remainder when 26 is divided by 20/(r/3)*-2.
6
Let i(y) = -9*y - 77. Let u(s) = 4*s + 46. Let f be u(-15). Calculate the remainder when i(f) is divided by 27.
22
Suppose -22*s + 13 + 24 = -51. What is the remainder when 1081 is divided by s?
1
Let u = 13736 - 13724. Let r(h) = -h**3 - 13*h**2 + 14*h + 5. What is the remainder when u is divided by r(-14)?
2
Calculate the remainder when 836 is divided by 44/4 - (64 + -193).
136